3
What is the highest common divisor of 161081163 and 101?
101
What is the greatest common divisor of 1641181 and 1333?
43
Calculate the highest common factor of 81252 and 92135254.
4514
What is the highest common factor of 588 and 22077636?
588
What is the greatest common divisor of 391945 and 113606?
43
What is the highest common factor of 184795392 and 1024?
256
Calculate the greatest common divisor of 6 and 13631706.
6
What is the greatest common divisor of 1620 and 43460?
20
Calculate the greatest common factor of 117169492 and 44.
44
What is the greatest common factor of 222 and 51553691?
37
Calculate the highest common divisor of 414786850 and 50.
50
What is the highest common factor of 232375821 and 20616?
2577
Calculate the highest common factor of 803649 and 385.
77
What is the greatest common factor of 33082 and 1327172?
1946
Calculate the highest common factor of 29793827 and 63.
7
What is the greatest common factor of 16512925 and 25?
25
What is the highest common factor of 1095 and 12112452?
219
What is the greatest common factor of 433401060 and 15?
15
Calculate the highest common divisor of 1131547535 and 1130.
565
Calculate the greatest common divisor of 1740841 and 87.
29
Calculate the greatest common divisor of 78277269 and 9.
3
Calculate the greatest common factor of 49831300 and 76.
76
Calculate the highest common divisor of 359285 and 105885.
905
Calculate the highest common divisor of 78439244 and 5044.
5044
What is the highest common divisor of 48564 and 9807585?
213
What is the greatest common divisor of 1530 and 51734570?
170
What is the greatest common divisor of 36 and 24617364?
12
Calculate the highest common factor of 3514 and 49308.
14
What is the highest common factor of 20048 and 427357488?
2864
Calculate the highest common factor of 1479753 and 3069.
99
What is the greatest common divisor of 1725 and 28470711?
69
Calculate the greatest common divisor of 12 and 12131180.
4
What is the greatest common factor of 1483146 and 98118?
1422
What is the highest common factor of 2030 and 2631755?
35
What is the greatest common divisor of 56 and 88644178?
14
Calculate the greatest common divisor of 5186 and 77823709.
2593
What is the highest common divisor of 225477082 and 582?
194
Calculate the highest common divisor of 29131915 and 10.
5
What is the greatest common divisor of 88559 and 3442591?
1121
What is the highest common factor of 117 and 889671?
3
What is the greatest common factor of 105378 and 7462?
182
Calculate the greatest common factor of 648 and 20808657.
81
Calculate the greatest common factor of 1026 and 70314858.
1026
What is the highest common factor of 3131 and 58066112?
101
Calculate the highest common divisor of 73186 and 10594469.
1591
Calculate the highest common factor of 8856 and 580176.
216
Calculate the highest common factor of 171 and 7886653.
19
What is the highest common divisor of 1649 and 863484009?
1649
Calculate the greatest common factor of 3203075 and 9575.
25
Calculate the greatest common divisor of 14210544 and 15510.
282
What is the highest common divisor of 12 and 36856116?
12
Calculate the greatest common factor of 1719758 and 30098.
298
What is the greatest common factor of 498125 and 121144?
797
What is the highest common factor of 247 and 2417693?
19
What is the greatest common divisor of 13184 and 320967776?
3296
What is the highest common factor of 504912910 and 290?
290
What is the highest common divisor of 22305 and 14460?
15
What is the highest common divisor of 93307556 and 531?
59
Calculate the highest common factor of 16489574 and 4669.
667
Calculate the highest common factor of 4452425 and 151805.
1565
Calculate the highest common factor of 287300 and 2227.
17
Calculate the greatest common factor of 16117910 and 290.
290
Calculate the greatest common factor of 82 and 906106560.
82
What is the highest common divisor of 5454 and 11540286?
54
Calculate the highest common factor of 33957227 and 3821.
3821
Calculate the greatest common factor of 16440504 and 9141.
831
Calculate the greatest common divisor of 193625760 and 48.
48
Calculate the greatest common divisor of 508690820 and 17490.
5830
Calculate the highest common factor of 319051580 and 102.
34
Calculate the greatest common factor of 12441 and 5524233.
429
Calculate the greatest common divisor of 3381 and 17202969.
147
Calculate the greatest common factor of 6 and 30677835.
3
Calculate the highest common divisor of 986 and 1296267.
17
Calculate the highest common factor of 96806 and 362274.
998
What is the highest common divisor of 46025 and 601296900?
6575
Calculate the highest common factor of 20094 and 1968621.
591
What is the greatest common divisor of 8205 and 11265?
15
What is the greatest common factor of 91 and 2516475?
13
Calculate the highest common divisor of 305 and 589637285.
305
What is the highest common divisor of 1683 and 3059001?
99
Calculate the highest common factor of 12972 and 751318.
46
What is the highest common factor of 10057 and 20408930?
113
What is the greatest common divisor of 17101 and 36666987?
2443
Calculate the greatest common divisor of 20049 and 7959617.
41
What is the greatest common divisor of 78 and 300457638?
78
What is the greatest common factor of 62465 and 46035?
155
Calculate the highest common divisor of 350 and 30741050.
50
Calculate the highest common factor of 2261 and 1075879.
119
What is the highest common factor of 20214 and 2304?
18
What is the highest common factor of 1017 and 5569770?
339
Calculate the greatest common divisor of 118 and 6875447.
59
Calculate the greatest common factor of 1512 and 469032.
24
What is the greatest common divisor of 94403888 and 48?
16
Calculate the greatest common factor of 611 and 37212877.
13
Calculate the highest common divisor of 2337 and 199329.
57
What is the highest common factor of 52 and 7656454?
26
What is the greatest common factor of 26877124 and 1116?
124
What is the highest common divisor of 96136 and 26108?
244
What is the greatest common divisor of 311102 and 5303054?
358
What is the highest common divisor of 586231 and 329?
47
What is the greatest common factor of 5940070 and 1160?
290
Calculate the greatest common divisor of 415080 and 1690.
10
Calculate the highest common divisor of 788067 and 882.
441
Calculate the highest common factor of 1159223 and 46943.
299
What is the highest common factor of 174748 and 2996?
28
Calculate the greatest common divisor of 16333996 and 532.
532
Calculate the highest common factor of 558 and 423723438.
558
Calculate the greatest common divisor of 40292 and 84.
28
Calculate the highest common factor of 6130870 and 2480.
310
Calculate the greatest common divisor of 24 and 745956.
12
Calculate the highest common divisor of 8 and 460786168.
8
What is the highest common divisor of 55125 and 1049265?
315
Calculate the greatest common factor of 7850944 and 305.
61
Calculate the highest common divisor of 2660340 and 71205.
1515
What is the greatest common factor of 26378696 and 51?
17
Calculate the greatest common factor of 1728 and 1404934848.
1728
Calculate the highest common factor of 352 and 282902080.
32
What is the greatest common factor of 35781160 and 12780?
1420
Calculate the highest common factor of 1615 and 256938.
17
Calculate the greatest common factor of 344 and 2993359.
43
What is the highest common divisor of 2793 and 16446?
3
Calculate the highest common factor of 149625 and 427000.
875
Calculate the greatest common divisor of 1500 and 32149000.
500
Calculate the highest common divisor of 6486 and 40871529.
3243
What is the highest common divisor of 73555 and 4355?
5
Calculate the highest common factor of 60 and 47700195.
15
What is the greatest common divisor of 58 and 35109865?
29
What is the highest common factor of 516084391 and 5834?
2917
Calculate the greatest common factor of 460222 and 129220.
994
What is the greatest common divisor of 495595543 and 8773?
8773
What is the greatest common divisor of 447291 and 2925?
117
Calculate the greatest common factor of 69810 and 9722206.
4654
Calculate the greatest common factor of 188981581 and 4066.
2033
What is the highest common divisor of 4082 and 1075815182?
4082
Calculate the highest common divisor of 41623